214723 a composite number?
False
Is 150659 a composite number?
False
Is 10223 prime?
True
Is 81547 a prime number?
True
Is 44249 a prime number?
True
Is 22262 a prime number?
False
Is 1147963 composite?
True
Is 184757 composite?
True
Is 13367 composite?
False
Is 5951 a prime number?
False
Is 1075103 a prime number?
True
Is 15727 a composite number?
False
Is 16741 composite?
False
Is 169363 composite?
True
Is 1539609 prime?
False
Is 152951 prime?
False
Is 64759 a composite number?
True
Is 1104211 a prime number?
False
Is 35933 prime?
True
Is 31567 a composite number?
False
Is 14237 prime?
False
Is 42647 a prime number?
False
Is 107589 a composite number?
True
Is 45679 a composite number?
True
Is 2705 a prime number?
False
Is 9239 composite?
False
Is 34186 prime?
False
Is 47807 prime?
True
Is 165911 a composite number?
True
Is 377681 composite?
False
Is 1293287 prime?
True
Is 92813 a composite number?
True
Is 63977 a prime number?
True
Is 681115 a prime number?
False
Is 498574 composite?
True
Is 5759 prime?
False
Is 21829 a composite number?
True
Is 6007 a prime number?
True
Is 377599 composite?
False
Is 30599 composite?
True
Is 415 a prime number?
False
Is 349241 a composite number?
False
Is 204067 composite?
False
Is 340499 a composite number?
True
Is 212081 a composite number?
False
Is 7807 prime?
False
Is 989 a prime number?
False
Is 63955 a prime number?
False
Is 394073 a composite number?
False
Is 68771 a composite number?
False
Is 3259 prime?
True
Is 149993 a composite number?
False
Is 187599 a prime number?
False
Is 51279 prime?
False
Is 13709 composite?
False
Is 12511 a prime number?
True
Is 9913 prime?
False
Is 1700189 a prime number?
True
Is 3022 prime?
False
Is 199483 composite?
False
Is 35759 composite?
False
Is 14123 composite?
True
Is 3095 composite?
True
Is 11657 prime?
True
Is 43027 composite?
True
Is 14834 a composite number?
True
Is 997163 a prime number?
True
Is 28699 prime?
False
Is 40099 a prime number?
True
Is 44537 composite?
False
Is 395011 a prime number?
False
Is 31987 a prime number?
False
Is 52729 prime?
False
Is 18923 prime?
False
Is 232109 a prime number?
True
Is 2833733 a prime number?
False
Is 12333 a composite number?
True
Is 2489 prime?
False
Is 500519 prime?
True
Is 89207 a composite number?
True
Is 14779 composite?
False
Is 2306797 prime?
True
Is 10666 composite?
True
Is 46049 prime?
True
Is 33247 composite?
False
Is 2767 a prime number?
True
Is 373 a prime number?
True
Is 105751 a composite number?
False
Is 87931 a composite number?
False
Is 91513 prime?
True
Is 1349615 prime?
False
Is 9917 composite?
True
Is 4393 a prime number?
False
Is 1121 prime?
False
Is 12097 prime?
True
Is 541169 composite?
True
Is 14303 composite?
False
Is 10217 a prime number?
False
Is 205187 composite?
False
Is 1937 a composite number?
True
Is 4049 a prime number?
True
Is 5216149 a prime number?
False
Is 961 a prime number?
False
Is 42277 composite?
True
Is 12373 composite?
False
Is 436081 a composite number?
False
Is 434453 a prime number?
False
Is 144323 a prime number?
True
Is 3273 prime?
False
Is 787 prime?
True
Is 97301 prime?
True
Is 4583 prime?
True
Is 12187 a prime number?
False
Is 321991 a composite number?
False
Is 7499 a composite number?
False
Is 137983 a composite number?
False
Is 6158 prime?
False
Is 56237 a composite number?
False
Is 677067 composite?
True
Is 132673 prime?
False
Is 55957 prime?
False
Is 52433 a composite number?
False
Is 6115 a composite number?
True
Is 310573 composite?
True
Is 195103 a composite number?
False
Is 61291 a composite number?
False
Is 17245 composite?
True
Is 5667 prime?
False
Is 4819 a prime number?
False
Is 6377 a prime number?
False
Is 6317 composite?
False
Is 336867 a composite number?
True
Is 465271 prime?
True
Is 1739 composite?
True
Is 5142547 composite?
True
Is 296133 prime?
False
Is 4745237 composite?
True
Is 71999 prime?
True
Is 403679 a prime number?
True
Is 1303 composite?
False
Is 13649 a prime number?
True
Is 10639 a prime number?
True
Is 5526101 composite?
True
Is 1157294 a prime number?
False
Is 9893 prime?
False
Is 2683 composite?
False
Is 16526 a composite number?
True
Is 13238 a prime number?
False
Is 863314 a prime number?
False
Is 121591 a prime number?
True
Is 22469 a prime number?
True
Is 25229 a composite number?
False
Is 54965 prime?
False
Is 50017 prime?
False
Is 31013 prime?
True
Is 11579 prime?
True
Is 4513 a composite number?
False
Is 15047 prime?
False
Is 54533 prime?
False
Is 349559 a prime number?
False
Is 519863 a composite number?
False
Is 110419 composite?
False
Is 168785 composite?
True
Is 81119 prime?
True
Is 3137 a prime number?
True
Is 67457 a prime number?
False
Is 15607 a prime number?
True
Is 270931 a composite number?
False
Is 12193 a composite number?
True
Is 44947 prime?
False
Is 978427 composite?
False
Is 107303 a prime number?
False
Is 323123 a composite number?
False
Is 133153 prime?
True
Is 397 prime?
True
Is 19081 composite?
False
Is 171517 a composite number?
False
Is 6385 composite?
True
Is 103511 a prime number?
True
Is 12637 prime?
True
Is 926129 prime?
True
Is 134167 composite?
True
Is 1182901 prime?
True
Is 2777 composite?
False
Is 29093 a prime number?
False
Is 732491 prime?
True
Is 516601 a prime number?
False
Is 3029 composite?
True
Is 436907 prime?
False
Is 935531 a composite number?
False
Is 22303 a composite number?
False
Is 198889 a prime number?
False
Is 1052663 a composite number?
False
Is 62735 prime?
False
Is 31709 prime?
False
Is 31307 a prime number?
True
Is 8603 prime?
False
Is 1937 composite?
True
Is 88017 composite?
True
Is 4083 a composite number?
True
Is 46571 a prime number?
False
Is 172001 prime?
True
Is 4861 a composite number?
False
Is 16999 prime?
False
Is 391151 prime?
True
Is 307191 a composite number?
True
Is 22871 composite?
False
Is 2567269 a composite number?
False
Is 14923 prime?
True
Is 75821 a prime number?
True
Is 20873 prime?
True
Is 190018 a prime number?
False
Is 5557 a composite number?
False
Is 103529 prime?
True
Is 46117 a prime number?
False
Is 319783 prime?
False
Is 4271 prime?
True
Is 2557 a composite number?
False
Is 1283239 a composite number?
True
Is 224698 a composite number?
True
Is 59509 a prime number?
True
Is 26869 prime?
False
Is 240371 a composite number?
False
Is 98999 a composite number?
False
Is 2861 composite?
False
Is 75261 a prime number?
False
Is 170669 a composite number?
False
Is 20089 prime?
True
Is 907 composite?
False
Is 35729 a prime number?
True
Is 2411 a prime number?
True
Is 40781 composite?
True
Is 54701 a composite number?
True
Is 17321 composite?
False
Is 6343 a prime number?
True
Is 139169 prime?
True
Is 1065397 a composite number?
True
Is 6737 composite?
False
Is 953747 composite?
False
Is 1812227 a prime number?
True
Is 252509 composite?
False
Is 1136431 prime?
False
Is 2787 prime?
False
Is 42991 a composite number?
True
Is 25838 composite?
True
Is 201523 a composite number?
True
Is 82607 prime?
False
Is 27259 prime?
True
Is 552217 prime?
True
Is 991 composite?
False
Is 26491 prime?
False
Is 6899 a composite number?
False
Is 222203 composite?
True
Is 22769 a prime number?
True
Is 656023 prime?
True
Is 307 composite?
False
Is 2237 a prime number?
True
Is 14963 prime?
False
Is 30679 prime?
False
Is 28451 a composite number?
True
Is 76141 prime?
False
Is 1391849 a composite number?
False
Is 1224043 a prime number?
False
Is 4474 a composite number?
True
Is 662 prime?
False
Is 783191 composite?
False
Is 7187 prime?
True
Is 494857 a prime number?
False
Is 1385017 a prime number?
True
Is 115 composite?
True
Is 1561 composite?
True
Is 167887 a prime number?
True
Is 22999 a prime number?
False
Is 12227 a prime number?
True
Is 6197 a prime number?
True
Is 262263 composite?
True
Is 425515 composite?
True
Is 64859 prime?
False
Is 716731 a composite number?
False
Is 36109 a composite number?
False
Is 23251 composite?
False
Is 193399 composite?
True
Is 662 composite?
True
Is 9997 composite?
True
Is 538621 a prime number?
True
Is 1437 composite?
True
Is 21811 prime?
False
Is 35158 composite?
True
Is 1296167 a composite number?
False
Is 3221 a prime number?
True
Is 839693 a composite number?
False
Is 181465 composite?
True
Is 29551 prime?
False
Is 233 prime?
True
Is 737